+ f + 74782. What are the prime factors of z?
2, 7, 2671
Let r be 2 - (-3)/6*24/2. Suppose -4816 = -24*y + r*y. What are the prime factors of y?
7, 43
Let o = 16763 + 598. List the prime factors of o.
3, 643
Let g be 7/((-63)/(-120)) + 4/(-12). Let j(y) = -y**3 - 14*y**2 - 8*y - 4. Let n be j(-14). Suppose d - g = n. List the prime factors of d.
11
Suppose -5*d + 31 = 26. List the prime factors of d/5 + 1514/5.
3, 101
Let u = 14094 - 13673. What are the prime factors of u?
421
Let x(g) = 8*g - 133. Let w be x(17). Suppose 5*b - 2726 = 3*f, 18*b - 23*b + 2744 = w*f. List the prime factors of b.
547
Suppose 13*b + 8110 = 3*c + 15*b, -4*b + 2700 = c. List the prime factors of c.
2, 13
Let s(w) = 7*w + 3. Let o be s(0). Suppose -o*j = b - 1319 - 601, -2560 = -4*j + 5*b. What are the prime factors of j?
2, 5
Let f(v) = -v**3 + 26*v**2 + 4*v - 21. Let b = 175 - 149. What are the prime factors of f(b)?
83
Let w(x) = x**2 + 7*x + 10. Let v be w(-6). What are the prime factors of v + (-2 - -182) + 1 + -4?
181
Suppose 11*n = 13*n - 8. Suppose n*g + i = 2274, 4*g - 2070 = 2*i + 198. List the prime factors of g.
2, 71
Let i(m) = 0 - 8*m - 7 + 9*m - 2. Let r be i(22). Suppose r*n - 728 = 1456. List the prime factors of n.
2, 3, 7
Suppose -86*t = -1629210 + 509748. What are the prime factors of t?
3, 4339
Let w be 5 + 2 + -2 + 2522. Suppose 6*u + u - w = 0. List the prime factors of u.
19
Let w(p) = -p**3 - 13*p**2 - 11*p + 16. Let u be w(-12). Suppose 0 = -2*h + 3*n - u - 4, 4*h - 24 = -4*n. List the prime factors of 76 - (-5 + (4 - h)).
79
Let k = 63 + 92. Let l = -10872 - -10923. Let x = k + l. List the prime factors of x.
2, 103
Let y(g) = g**2 - 5*g - 9. Let d be y(7). Suppose -32 = -n - 3*s + 5, -d*s + 195 = 5*n. Let v = 34 + n. List the prime factors of v.
2, 37
Suppose 0 = -53*r + 245625 + 162369. List the prime factors of r.
2, 3, 1283
List the prime factors of -2 + (3114 - -1 - -3) + 3.
3119
Suppose 28 = 5*u + n, -3*n + 9 = -0*n. Suppose 50 = u*r - 85. List the prime factors of ((-26)/39)/((-1)/r).
2, 3
What are the prime factors of 1 + (-261042)/(-21) + 356/(-623)?
31, 401
Suppose 3*t = -2*y + 30106, 7*t + 10035 = 8*t + y. List the prime factors of t.
2, 13, 193
Let i(a) = a**3 - 6*a**2 + 7*a + 1. Let r be i(4). Let q be r/(34/10 + -4). Suppose 580 = 5*o - q*w, -51 + 617 = 5*o + 2*w. What are the prime factors of o?
2, 3, 19
What are the prime factors of (33 + -30)*40454/6?
113, 179
Let c(i) = -i + 10. Let r be c(5). Suppose -3*z = -5*y - r*z - 22, -2*y = 5*z + 13. List the prime factors of -4 + y + 6 - -120.
2, 59
Let n(a) = -281*a + 6. What are the prime factors of n(0)?
2, 3
Let u(s) = -4*s + 2. Let f(w) = -w. Let r(x) = 22*f(x) - 2*u(x). What are the prime factors of r(-2)?
2, 3
Let w(s) = 6*s**2 - 19*s - 20. Let t be w(-1). Suppose t*p = -10, -4*d + 3*p + 2*p + 222 = 0. What are the prime factors of d?
53
Let g = -58 + 55. Let m be ((-2)/4)/(g/1038*1). Suppose -d + 28 = o, 42 = -5*d + 4*o + m. What are the prime factors of d?
3
Suppose 38529 + 244739 + 46663 = 21*d. List the prime factors of d.
3, 5237
Suppose -i + 2*c = -961 + 184, 3*i = 4*c + 2341. Let r = i + -476. List the prime factors of r.
311
Let m(z) = -13 + 16 + 44*z - 16 - 15. Suppose 2*h - 8 = h + c, 0 = -h + 5*c + 24. List the prime factors of m(h).
2, 37
Suppose -8*p - 12 = -14*p. Suppose n + p*n = -15, 5*f - 2635 = 3*n. List the prime factors of f.
2, 131
Let d(v) = -2*v**2 + 9*v - 12. Let j be d(4). List the prime factors of (j/(-10))/((-4)/(-630)).
2, 3, 7
Suppose 5*f + 1 = 3*q - 4, 5*q + 2*f + 2 = 0. Let l(n) = -3*n + 11. Let u be l(3). Suppose -z - u*o = -49, -2*z + o + 93 + 20 = q. List the prime factors of z.
5, 11
Suppose 0 = -85*l + 93*l + 264. Let m(f) = f**3 + 33*f**2 - 2*f - 19. List the prime factors of m(l).
47
Let h = -53 + 51. Let u be (-9044)/(-21) + h/3. Suppose 2*i = 7*i - u. What are the prime factors of i?
2, 43
Let z = -11531 - -14571. What are the prime factors of z?
2, 5, 19
What are the prime factors of 10533 + (-2 - -1 - -1)/((-334)/(-167))?
3, 3511
Let o = -61948 - -93936. List the prime factors of o.
2, 11, 727
Let i(u) = -5*u + 59 + 7*u**2 - 26 - 28. Let y be i(11). Suppose -4*m = 12, -4*m = -4*x - x + y. What are the prime factors of x?
157
Let z(l) = l**3 - 1. Let m(t) = -6*t**3 - 12*t**2 + 14*t - 8. Let a(n) = m(n) + 5*z(n). Let o be a(-13). What are the prime factors of 1 + 134 + (-52)/o?
137
Suppose 160 = 3*p + 5*w - 96, -102 = -p - 5*w. Let h(l) = -2*l**2 - 5*l - 2*l + 2*l - p + 71 - 5*l**3. What are the prime factors of h(-2)?
2, 3
Let i = 561 - -5458. List the prime factors of i.
13, 463
Let d(q) be the second derivative of 5*q**4/6 + q**3/6 - 2*q**2 - q + 6. List the prime factors of d(2).
2, 19
Suppose 64*a - 67*a + 9 = 0. Suppose a*f - 330 = 5*y, 3*y + 11 = 2. What are the prime factors of f?
3, 5, 7
Let q be 0*(-4)/(-16) + 4. Let w be 315/10 + q/(8/(-3)). Suppose -v = -5*p - 0*v + 132, w = p + v. What are the prime factors of p?
3
Let a = 2 + 5. Suppose -a = -17*o + 10. List the prime factors of -82*o/8*-8.
2, 41
Let u be -7*39/(-91) + 353*9. Let p = u + -1811. List the prime factors of p.
37
Suppose 60 = -2*h - 13*h. List the prime factors of (32/2)/h - -359.
5, 71
Suppose 0 = 3*k - 4*m - 1629 - 2642, -2*m = 3*k - 4241. Suppose 14*z - k = z. Suppose 5*v = -z + 679. What are the prime factors of v?
2, 3, 19
Let t(i) = -i**3 - 26*i**2 - 6*i + 26. Let z be t(-24). Let y = -692 - z. List the prime factors of y.
2, 5, 29
Let p = 356 + 1483. What are the prime factors of p?
3, 613
Suppose -177 = -36*r + 39*r. Let a = r - -522. What are the prime factors of a?
463
What are the prime factors of (-108234)/4*((-1720)/(-129))/(-10)?
2, 3, 7, 859
Let r(n) = -10 - 15*n + 46*n + 0*n + 80*n. Let g be r(5). Let i = 789 - g. List the prime factors of i.
2, 61
Suppose -f - 1 = 2*j - 3, -f = -2*j + 2. Suppose f = 3*b - b + 4. List the prime factors of 214 + b/(-9) + (-10)/45.
2, 107
Let y(m) = 2*m - 3 - 2*m - 18*m + 219*m**3 + m**2 + 11*m + 10*m. Let f be (-1 + 0)*(-2 - -1). What are the prime factors of y(f)?
2, 5, 11
Suppose -7 + 0 = -3*a - 2*o, a - 2 = -o. Let n be (192/(-30))/((-5)/25). Suppose -w + 10 = -q - n, -a*w + 133 = 4*q. List the prime factors of w.
43
Let s be (-28)/9 - (-8)/72. Let a be (-1*4)/(s/6). Suppose a*i - 869 = -3*i. List the prime factors of i.
79
Let s(w) = w**3 - 6*w**2 - 956*w - 28. List the prime factors of s(52).
2, 18661
Suppose -25*g + 374 = -59*g. Suppose o = 3*l - 431, 2*l - 301 + 18 = 5*o. Let v = l - g. What are the prime factors of v?
5, 31
Suppose 4*x - 7*x = 9. Let a be 5 + (x - 1964/(-4)). Suppose 3*g + 5*v - a = 0, 2*v - 489 = -3*g - v. List the prime factors of g.
7, 23
Suppose 4*m = -4*c + 28952, 4*m + 0*m = 2*c + 28952. List the prime factors of m.
2, 7, 11, 47
Suppose 0 = -3*p + 3 + 6. Suppose -c = p*c - 20. Suppose 0*x + x - 106 = 4*o, -3*x = c*o - 250. What are the prime factors of x?
2, 3, 5
Let u(f) = -2*f**3 - 2*f**2 + 32*f + 11886. What are the prime factors of u(0)?
2, 3, 7, 283
Let f(i) = -12 + 17 - 32*i + 29 + 8. What are the prime factors of f(-9)?
2, 3, 5, 11
Let m be (1 + 4)*(-45)/25. What are the prime factors of (2/3 - (-2634)/m)/(-2)?
2, 73
Suppose 9*n - 7*n = 4. Let o(t) = 17*t + 8. List the prime factors of o(n).
2, 3, 7
Suppose -14829 - 29128 = -10*b + 53923. List the prime factors of b.
2, 2447
Suppose 7*o + 115 = -151. Let d = o - -251. Suppose d + 117 = 5*y. List the prime factors of y.
2, 3, 11
Suppose 7*f + 5*y = 3*f + 336, -4*y - 252 = -3*f. Let w = f - -128. What are the prime factors of w?
2, 53
List the prime factors of (291/1649)/(6/(-4)) - (-1828800)/68.
2, 7, 17, 113
Suppose -1 = -2*p + 9. Suppose 0 = -4*q - 5*w + 30 + p, 4*q - 2*w - 42 = 0. Suppose 2*u = 28 - q. List the prime factors of u.
3
Let y(c) = -c**3 - 58*c**2 - 113*c - 1461. List the prime factors of y(-59).
7, 17, 73
Suppose -34*g = -31*g - h - 92759, 0 = 3*h - 21. List the prime factors of g.
2, 15461
Let d be (2/(-6))/((-1)/(-2037) - 0). Let i = 1206 + d. What are the prime factors of i?
17, 31
Suppose o = -2*o + 96. Suppose 11*h - o = 7*h. Suppose 0 = -2*d + h*d - 300. List the prime factors of d.
2, 5
Let k(a) = 29 - a**3 + 12 - 16*a**2 - 25 + 22*a. What are the prime factors of k(-18)?
2, 67
Suppose -113988 = 